iple of 3?
False
Is 9721 a multiple of 294?
False
Does 38 divide 38190?
True
Is 38 a factor of 57722?
True
Does 420 divide 274789?
False
Is 71303 a multiple of 113?
True
Does 288 divide 4294656?
True
Is 27 a factor of 173551?
False
Is 4 a factor of 1223477?
False
Does 503 divide 978029?
False
Is 70616 a multiple of 52?
True
Is 4257008 a multiple of 16?
True
Is 13 a factor of 17576611?
True
Is 1558 a factor of 1981924?
False
Is 60000 a multiple of 15?
True
Is 1666720 a multiple of 173?
False
Does 12 divide 1907196?
True
Does 301 divide 328322?
False
Does 70 divide 796950?
True
Does 31 divide 20026?
True
Does 8 divide 865232?
True
Is 1749699 a multiple of 3?
True
Is 520895 a multiple of 37?
False
Does 11 divide 647702?
True
Is 10658755 a multiple of 83?
False
Is 2496577 a multiple of 179?
False
Is 200 a factor of 416360?
False
Is 5591550 a multiple of 2653?
False
Is 903 a factor of 9252138?
True
Is 828741 a multiple of 9?
False
Does 33 divide 759816?
False
Is 334 a factor of 3469592?
True
Does 42 divide 44730?
True
Does 264 divide 4975279?
False
Does 118 divide 212648?
False
Does 2 divide 29923?
False
Is 957314 a multiple of 203?
False
Is 1035546 a multiple of 321?
True
Is 2928096 a multiple of 27?
True
Is 23 a factor of 4910797?
False
Does 370 divide 1749983?
False
Is 113395 a multiple of 67?
False
Is 4 a factor of 498652?
True
Is 14477288 a multiple of 143?
False
Is 37 a factor of 16095?
True
Is 16 a factor of 4094944?
True
Is 163938 a multiple of 307?
True
Does 288 divide 41160?
False
Is 23 a factor of 27427?
False
Is 8 a factor of 183102?
False
Does 70 divide 765123?
False
Is 70615 a multiple of 7?
False
Is 315147 a multiple of 29?
False
Does 66 divide 1567366?
False
Does 133 divide 34105?
False
Is 1413314 a multiple of 61?
False
Is 3606596 a multiple of 43?
False
Is 107 a factor of 1421759?
False
Does 941 divide 988729?
False
Is 18 a factor of 869526?
True
Is 1529617 a multiple of 3?
False
Does 41 divide 343539?
True
Is 232 a factor of 4392940?
False
Is 128841 a multiple of 94?
False
Is 349 a factor of 1638365?
False
Does 40 divide 175009?
False
Is 752385 a multiple of 202?
False
Is 81832 a multiple of 23?
False
Does 95 divide 543074?
False
Does 267 divide 5957512?
False
Is 18 a factor of 2058030?
True
Is 510 a factor of 2584170?
True
Does 85 divide 1775820?
True
Is 219867 even?
False
Is 795803 a multiple of 590?
False
Is 844 a factor of 435978?
False
Does 22 divide 635558?
True
Is 333000 a multiple of 666?
True
Does 12 divide 1367832?
True
Is 34 a factor of 3287712?
False
Is 35 a factor of 139965?
True
Does 1096 divide 2555607?
False
Does 478 divide 14581868?
True
Does 104 divide 1545440?
True
Is 367920 a multiple of 40?
True
Is 97 a factor of 20098?
False
Is 445 a factor of 518990?
False
Is 281455 a multiple of 5?
True
Is 268135 a multiple of 190?
False
Is 66 a factor of 201204?
False
Is 823208 a multiple of 136?
True
Is 3 a factor of 24591?
True
Does 957 divide 823977?
True
Does 6 divide 325645?
False
Is 899196 a multiple of 621?
False
Does 102 divide 151674?
True
Is 326126 a multiple of 5?
False
Does 117 divide 1987?
False
Is 176 a factor of 125512?
False
Does 14 divide 286924?
False
Does 54 divide 47476?
False
Is 203573 a multiple of 3?
False
Does 8 divide 5760124?
False
Does 11 divide 381271?
True
Does 356 divide 2964412?
True
Is 16 a factor of 791752?
False
Is 17 a factor of 879217?
False
Does 18 divide 3133908?
True
Does 193 divide 4356589?
True
Does 7 divide 136682?
True
Is 18 a factor of 304662?
False
Does 371 divide 407415?
False
Does 17 divide 21488?
True
Is 677370 a multiple of 20?
False
Is 30 a factor of 53992?
False
Does 18 divide 151647?
False
Is 4 a factor of 1195976?
True
Is 4456 a multiple of 292?
False
Is 14620 a multiple of 17?
True
Is 1559667 a multiple of 6?
False
Does 378 divide 1415748?
False
Is 3 a factor of 215292?
True
Is 108 a factor of 109838?
False
Does 428 divide 507180?
True
Is 196 a factor of 219262?
False
Is 358632 a multiple of 242?
False
Does 9 divide 159436?
False
Is 35 a factor of 4825835?
True
Is 18 a factor of 697860?
True
Is 10 a factor of 536576?
False
Does 195 divide 1036774?
False
Does 68 divide 260644?
True
Does 17 divide 30680?
False
Is 101 a factor of 327655?
False
Is 3529806 a multiple of 687?
True
Is 78302 a multiple of 60?
False
Is 326 a factor of 1826137?
False
Is 379 a factor of 644679?
True
Does 81 divide 2031237?
True
Does 27 divide 46953?
True
Is 10 a factor of 1483500?
True
Does 176 divide 1064624?
True
Does 53 divide 2616185?
False
Is 21 a factor of 61425?
True
Is 6 a factor of 562140?
True
Is 333743 a multiple of 462?
False
Is 32 a factor of 87460?
False
Does 51 divide 1530?
True
Is 102 a factor of 4955670?
True
Is 3 a factor of 1570395?
True
Is 1931396 a multiple of 27?
False
Is 17 a factor of 260811?
False
Is 88497 a multiple of 3?
True
Is 350 a factor of 8525650?
True
Does 93 divide 267323?
False
Is 1884512 a multiple of 94?
True
Does 6 divide 5433134?
False
Does 7 divide 112364?
True
Is 6385480 a multiple of 122?
True
Is 524 a factor of 1977576?
True
Is 381 a factor of 5408?
False
Does 16 divide 103600?
True
Is 20 a factor of 1139609?
False
Is 199062 a multiple of 6?
True
Is 72 a factor of 55728?
True
Does 21 divide 563131?
False
Is 5580730 a multiple of 90?
False
Is 399 a factor of 9724556?
False
Does 15 divide 25215?
True
Is 6351 a multiple of 60?
False
Does 1206 divide 4275903?
False
Is 48018 a multiple of 11?
False
Does 133 divide 320929?
True
Is 7 a factor of 81746?
True
Does 35 divide 35700?
True
Does 3 divide 9514?
False
Is 898092 a multiple of 404?
True
Is 48 a factor of 144288?
True
Is 92124 a multiple of 4?
True
Does 85 divide 523658?
False
Does 619 divide 135561?
True
Is 486 a factor of 3185517?
False
Is 65 a factor of 4462185?
True
Is 619449 a multiple of 3?
True
Is 308 a factor of 339416?
True
Is 1364953 a multiple of 367?
False
Is 528990 a multiple of 35?
True
Is 757 a factor of 16251276?
True
Is 10 a factor of 9942740?
True
Is 121 a factor of 11132?
True
Is 7759734 a multiple of 1335?
False
Does 187 divide 826540?
True
Is 1998 a multiple of 6?
True
Is 2292 a multiple of 4?
True
Is 23 a factor of 2375003?
True
Does 6 divide 10581759?
False
Does 1244 divide 1411490?
False
Is 113704 a multiple of 479?
False
Is 5194782 a multiple of 82?
True
Does 6 divide 5446248?
True
Does 558 divide 4674132?
False
Does 15 divide 30030?
True
Does 120 divide 3171?
False
Is 12 a factor of 294795?
False
Is 19 a factor of 1540976?
True
Does 3 divide 1675473?
True
Does 12 divide 160749?
False
Is 14162478 a multiple of 1298?
True
Is 46557 a multiple of 21?
True
Is 2991118 a multiple of 16?
False
Is 142950 a multiple of 56?
False
Is 8512652 a multiple of 542?
True
Does 33 divide 5947425?
True
Is 770271 a multiple of 53?
False
Is 83 a factor of 55859?
True
Is 31 a factor of 13247881?
True
Does 363 divide 2323563?
True
Is 105 a factor of 31290?
True
Is 61 a factor of 2630259?
True
Does 197 divide 200220?
False
Is 2 a factor of 219002?
True
Does 10 divide 1557110?
True
Is 485 a factor of 1974920?
True
Is 11130 a multiple of 7?
True
Is 10 a factor of 10985237?
False
Is 54 a factor of 58834?
False
Does 102 divide 1450032?
True
Is 12680 a multiple of 14?
False
Is 27 a factor of 209304?
True
Is 17 a factor of 125171?
True
Is 2874598 a multiple of 1003?
True
Is 439 a factor of 9301956?
False
Is 30 a factor of 194863?
False
Does 534 divide 9385128?
False
Is 87 a factor of 817086?
False
Does 83 divide 31072?
False
Is 4289507 a multiple of 112?
False
Is 57316 a multiple of 14?
True
Is 65880 a multiple of 61?
True
Is 91169 a multiple of 23?
False
Is 138292 a multiple of 4?
True
Is 62 a factor of 62124?
True
Is 18 a factor of 354008?
False
Does 20 divide 46431?
False
Does 19 divide 6166678?
True
Does 5 divide 93156?
False
Does 44 divide 83952?
True
Is 41 a factor of 484333?
True
Is 55023 a multiple of 152?
False
Is 510 a factor of 3588098?
False
Is 16 a factor of 10976?
True
Is 28 a factor of 133399?
False
Does 110 divide 98449?
False
Is 10354056 a multiple of 43?
True
Does 8 divide 73464?
True
Is 63 a factor of 114924?
False
Does 29 divide 3823402?
False
Is 721 a factor of 2447795?
True
Is 849800 a multiple of 56?
True
Is 338 a factor of 25023?
False
Does 17 divide 1494437?
False
Does 8 divide 255